y, -4*g + 8 = j*y. What is the tens digit of g/(-1) + 1 - -28?
3
Suppose 0 = -3*m - 3*a + 4905, -4245 - 2300 = -4*m + a. What is the thousands digit of m?
1
Suppose 8*q - 3*q = 10. Suppose -2*i - 13 = -q*p - p, i + 14 = 4*p. What is the tens digit of 330/9 - i/6?
3
Let g(l) = 39*l**2 - 34*l + 68. What is the tens digit of g(8)?
9
Let l be (-3)/6*2 + 3. Suppose 0 = l*q - 4*s + 37 - 139, 2*s + 215 = 5*q. What is the tens digit of q?
4
Let i be (2/(-4))/((-5)/(-100)). Let q(p) = p**3 + 10*p**2 - 6. Let z be q(i). Let y = 10 + z. What is the units digit of y?
4
Let f(t) = 236*t + 62. What is the tens digit of f(5)?
4
Let a(q) = q**3 - 18*q + 8. What is the units digit of a(5)?
3
Let q = 6 + -11. What is the tens digit of (-1 - 9)*8/q?
1
Let n(k) be the third derivative of -1/120*k**6 + 1/3*k**3 + 0*k - 1/20*k**5 + 0 - 2*k**2 - 1/12*k**4. What is the units digit of n(-2)?
2
Let j(z) = 72*z**2. Let n = -15 - -14. Let h be j(n). Let m = 106 - h. What is the units digit of m?
4
What is the units digit of (2/4 - 2)/(9/(-342))?
7
What is the hundreds digit of (4 + 78/(-9) + 4)*-834?
5
Suppose 58*w - 868 = 56*w. What is the tens digit of w?
3
Let u(j) = -j**2 + 7*j - 3. Let m be u(5). Suppose -m*q - 26 = -9*q. What is the units digit of q?
3
Let q(h) = -h**2 - 12*h - 15. Let o be (-1 + -11)/3 + -7. Let w be q(o). What is the tens digit of -3 + 2 + (66 - w)?
6
Let f be (5 + -6)/((-1)/65). Suppose 0*d - k = 2*d - f, -4*k = -2*d + 70. What is the tens digit of d?
3
Suppose -5*q + 10 = 0, s + 3*q - q = 29. What is the tens digit of (76 - s/(-5))*3?
4
Suppose 0 = -6*r - 0*r + 30. Suppose r*q - 4*q - 29 = 0. What is the tens digit of q?
2
Suppose -4 = -l + 17. Suppose 0 = -5*h - 3*c + l, 5*c - 4 = 3*c. Suppose 4*o = w - 33, h*w = -w - 2*o + 78. What is the units digit of w?
1
Let c(l) = -l + 1. Let a be c(-6). Suppose 0 = 21*m - 23*m + 44. Let p = m - a. What is the units digit of p?
5
What is the hundreds digit of -5*6*(-102)/6?
5
Let a(i) = 10 + 101*i - 14 - 107*i. Suppose 0 = 4*l - 12, u + 2*u + 2*l + 6 = 0. What is the tens digit of a(u)?
2
Let h = -144 - -242. Suppose 0 = 2*j - h - 16. What is the tens digit of j?
5
Let v = 41 + -25. Let s be (-381)/(-24) - (-2)/v. Suppose a = -3*c + 26, 0*c - s = -3*c + a. What is the units digit of c?
7
Suppose 5*f = -s - 71, 3*s - 4*f + 136 = -1. Let c be 10/(-35) + s/(-7). Suppose 4*q - 25 - c = -y, -3*q - 3*y + 33 = 0. What is the units digit of q?
7
Suppose 0 = 2*u - p + 4*p - 76, 0 = 4*u + 3*p - 152. What is the hundreds digit of u/4*1*18?
1
Let x(z) = z**2 + 4*z - 2. Suppose -4*a - 4*h + h - 37 = 0, -h - 29 = 3*a. Let s be a/(-6)*(0 - 3). What is the units digit of x(s)?
3
Let n(c) = -c**2 + 13*c + 12. Let q be n(15). Let v = -14 - q. Suppose -v*d - a = d - 77, 3*a - 55 = -4*d. What is the tens digit of d?
1
Let k be (20/16)/5*4. Suppose -2*v - 5 - k = 0, 3*v = 2*z - 51. What is the units digit of z?
1
Let x = -35 + 42. Suppose 26 = -8*o + x*o. Let d = o - -40. What is the tens digit of d?
1
Suppose 5 = -4*q + 53. Suppose q*j - 330 = 7*j. What is the units digit of j?
6
Suppose 5*h = -p - 21, 33 = 2*p - 5*p - 5*h. Let f(y) be the first derivative of y**3/3 + 2*y**2 - 1. What is the units digit of f(p)?
2
Suppose 65 - 1525 = -4*u. Suppose 4*n - n - 2*d = 270, 4*n = d + u. What is the tens digit of n?
9
Let y = 180 - 98. Let u = y + -21. What is the units digit of u?
1
Suppose 2*a - 7 = -1. Suppose -35 - 10 = -5*x - 4*h, -9 = -x - a*h. Suppose y + x = 20. What is the units digit of y?
1
Let a be 3/(-5) - (-28760)/100. Suppose -5*w + a = -g, 0*w = 2*w + 2*g - 122. Let l = w - 10. What is the units digit of l?
8
Let f = 91 + -51. Let i = 2 + f. What is the units digit of i?
2
Let r = 2957 + -549. What is the hundreds digit of r?
4
Let z(b) = b**3 + 6*b**2 + 8*b + 3. Let m(f) = f - 14. Let p be m(11). What is the units digit of z(p)?
6
Suppose 106351 = -41*h + 305324. What is the thousands digit of h?
4
Let j(w) = 121*w**2 - 2. What is the hundreds digit of j(2)?
4
What is the thousands digit of (-16)/24*((-21774)/12 + -2)?
1
Let z be ((-1)/(-2))/((-6)/(-72)). Suppose z*y - 7*y = -58. What is the tens digit of y?
5
Let t be 1 + 2 + (-7)/(-42)*0. What is the units digit of ((-1)/(-12)*t)/(2/472)?
9
Suppose -6*t + 3*t = -3*d - 21, -d + 29 = 3*t. Let f(q) = q**2 - 8*q + 6. Let l be f(t). Let k = 19 - l. What is the units digit of k?
4
What is the units digit of -3*45*(-14)/2?
5
Suppose 29*j - 5*x = 28*j + 433, -1795 = -4*j - x. What is the hundreds digit of j?
4
Suppose -22*x + 11257 = -2537. What is the hundreds digit of x?
6
Suppose 6*y = 14 + 4. Suppose 2 = -z + y*z. What is the units digit of z + 8 + -2*1?
7
Suppose -882 = -30*m + 27*m. What is the tens digit of m?
9
Suppose 0 = 13*d - 24*d + 5423. What is the hundreds digit of d?
4
Let z = 55 - 882. Let p = z - -1177. What is the units digit of p?
0
Let z(k) = -544*k**3 + k**2 + 2*k + 3. What is the units digit of z(-1)?
6
Let c be 1*((2 - 3) + 1). Let j(t) = -t - 25. Let b be j(c). Let x = 42 + b. What is the tens digit of x?
1
Let s be (-3)/12 - (-903)/28. Let k be (-12)/(4/(s/12)). What is the tens digit of (-48)/3*28/k?
5
Let g(y) = 83*y + 160. What is the units digit of g(17)?
1
Suppose 7*r - 101 - 3105 = 0. What is the units digit of r?
8
Let u(p) = p**2 + 4*p + 7. Let j be u(-3). Suppose 0 = -j*r + 7*r - 339. What is the units digit of r?
3
Let w be (-36)/3*2/(-6). Suppose z = w*z + 27. Let b(p) = -p**2 - 9*p + 1. What is the units digit of b(z)?
1
Suppose -4*t + 4 = 0, -3*c - 2*t = -7*t - 19. Let s be (-3 + 776/(-24))*3/(-2). Let x = s - c. What is the units digit of x?
5
Let s = -22 - -14. Let c(r) = 2 - 13*r + 9*r + 1 + 0. What is the units digit of c(s)?
5
Let n = 142 - -682. What is the units digit of n?
4
Suppose 14 = -h + 3*q, -h + q - 1 - 3 = 0. Let s be h*(-1)/2*-12. Suppose -3*p + s = 2*l, -2*p = 2*l + l - 9. What is the units digit of l?
3
What is the units digit of (52/16)/(15/(-20) - -1)?
3
Let m be ((-2)/(-4))/(15/90). Let v(p) = 10*p - 13. What is the tens digit of v(m)?
1
Let v be ((-48)/(-5))/(2/30). Let y = -275 - -178. Let x = v + y. What is the tens digit of x?
4
Let c(w) = w - 5. Let o(y) = 2*y - 8. Let l(h) = -8*c(h) + 5*o(h). Let t = 1 - -4. What is the tens digit of l(t)?
1
Let a(z) = z + z - 5*z + 5*z + 3. Let o(x) = -x**3 + 6*x**2 + 7*x + 2. Let q be o(7). What is the units digit of a(q)?
7
Let k be (-2)/(-2) + (4 - 6). Let o(t) = 125*t**2 - 2*t - 1. Let w be o(k). Suppose 3*r - 2*n - w = 0, -2*r + 3*r = 3*n + 49. What is the units digit of r?
0
Let d be (-2)/(-10) + 602/(-35). Let t(x) = -2*x - 15. What is the tens digit of t(d)?
1
Let c = 7 - 9. Let q be -3 - c - -3 - 2. Suppose z = -q*z + 17. What is the tens digit of z?
1
Let h(r) = r**2 - 17*r + 36. Let t be h(15). Suppose -t*n = -7*n + 73. What is the tens digit of n?
7
Suppose 25*j = 1281 + 6044. What is the units digit of j?
3
Let z be (10 - 8)*(-14)/4. Let t be (2/(-4))/(z/(-196)). Let o = 15 + t. What is the units digit of o?
1
Let l(j) = 2*j**2 - 3*j + 11. What is the units digit of l(8)?
5
Let z(l) = -16*l**3 - l + 2. Let h be z(-2). Suppose 0 = 3*s - 258 - h. Suppose 4*n = -2*a + s, -n - 12 = -5*n. What is the tens digit of a?
5
Let c(b) = b**2 + b. Let k be c(1). Suppose -8*i + k*i = -72. Let o(g) = 2*g + 3. What is the units digit of o(i)?
7
Suppose -4*n - 2*w + 0*w = -8, n = 3*w + 9. Suppose -5*d = -n*s - 36, -5*s - 35 = -5*d + 5. What is the units digit of d?
6
Let v be 4 - 4/(-2 - -4). Suppose 0 = -v*n + 4*y + 166, 8*n + 5*y - 227 = 5*n. What is the tens digit of n?
7
Suppose 2*a = -3 + 17. Let b(r) = 3*r**2 - 8*r + 15. What is the hundreds digit of b(a)?
1
Let t(c) = 5*c**3 + 34*c**2 - 34*c - 49. Let y(p) = -p**3 - 7*p**2 + 7*p + 10. Let w(o) = 2*t(o) + 11*y(o). What is the tens digit of w(-10)?
2
Let x(i) = 2*i + 1. Let h be x(1). Let q(g) = -15*g**2 + 12*g - 30. Let v(j) = -8*j**2 + 6*j - 16. Let w(n) = -5*q(n) + 9*v(n). What is the units digit of w(h)?
5
Suppose 22*t - 41*t + 3021 = 0. What is the hundreds digit of t?
1
What is the units digit of (422 + 4)*(-1 - (-28)/12)?
8
Let k(q) = 34*q + 3. Let j be (-5)/(-2) + (-7)/(-14). What is the units digit of k(j)?
5
Suppose -2*w = -w - 121. Let g = -54 + w. What is the units digit of g?
7
Let x = -59 + 74. Suppo